
1
Let s(v) = -2*v**2 - 27*v + 1109. Give s(-31).
24
Let c(f) = -188*f + 1316. What is c(7)?
0
Let b(w) = -3*w - 1104. What is b(40)?
-1224
Let a(l) = l**3 + 122*l**2 - 31*l + 11309. Give a(-123).
-7
Let k(u) = u**3 - 60*u**2 + 222*u + 119. Give k(56).
7
Let i(b) = 19*b - 203. What is i(13)?
44
Let k(l) = -40*l - 12241. Calculate k(-306).
-1
Let j(n) = -3*n + 222. What is j(25)?
147
Let o(h) = -15*h**3 + 7*h**2 - 6*h - 1. Calculate o(1).
-15
Let w(t) = 5*t + 46. Determine w(-9).
1
Let t(c) = 8*c**3 - 18*c**2 + c + 3. Give t(2).
-3
Let m(r) = -5*r**2 - 57*r + 34. Give m(-12).
-2
Let y(n) = 2*n - 85. What is y(3)?
-79
Let d(k) = -3*k**2 - 39*k - 135. Give d(-16).
-279
Let p(x) = 133*x**3 + 8*x**2 - 7*x - 1. Calculate p(1).
133
Let g(a) = a**3 - 5*a**2 + 296*a - 873. What is g(3)?
-3
Let d(s) = 385*s - 401. Determine d(1).
-16
Let b(k) = 3*k**2 - 2*k - 235. What is b(9)?
-10
Let q(z) = -z**3 + 15*z**2 - 35*z - 16. Give q(7).
131
Let t(a) = -736*a - 5884. Determine t(-8).
4
Let m(d) = -4*d**3 + 51*d**2 - 155*d + 25. Give m(8).
1
Let m(o) = -o**2 - 35*o - 325. Give m(-16).
-21
Let p(m) = 8443*m - 16864. Determine p(2).
22
Let a(w) = 47*w - 70. Determine a(-2).
-164
Let s(u) = -400*u - 3596. Give s(-9).
4
Let y(b) = -22*b**3 - 3*b**2 - 36*b + 39. Determine y(1).
-22
Let m(k) = k**2 - 185*k + 893. Give m(5).
-7
Let h(z) = z**2 + 229*z + 8121. Determine h(-44).
-19
Let c(f) = -1944*f + 3. Give c(0).
3
Let q(y) = -6*y**2 - 325*y - 70. What is q(-54)?
-16
Let d(q) = 242*q + 7259. What is d(-30)?
-1
Let h(r) = 8*r**2 - 16*r + 151. Give h(6).
343
Let n(m) = -19*m + 205. What is n(18)?
-137
Let a(i) = -2*i. What is a(8)?
-16
Let h(k) = -5*k**2 + k - 10. Give h(-3).
-58
Let x(f) = -f**3 + 7*f**2 + f - 55. What is x(6)?
-13
Let w(y) = 84*y**2 - 754*y - 29. Determine w(9).
-11
Let y(i) = -i**3 - 24*i**2 + 42*i - 260. Give y(-26).
0
Let x(h) = -9*h**2 + 107*h + 947. Give x(-6).
-19
Let s(t) = 8*t + 104. Calculate s(14).
216
Let w(y) = -4*y**2 + 88*y + 88. Determine w(-1).
-4
Let n(l) = 126*l + 261. Give n(-2).
9
Let p(z) = -z**3 + 18*z**2 - 69*z + 13. Give p(9).
121
Let t(b) = -2*b**2 - 9*b - 73. Give t(-10).
-183
Let w(j) = -624*j - 4365. What is w(-7)?
3
Let n(i) = -2*i**3 - 58*i**2 + 126*i + 63. Give n(-31).
1
Let j(f) = -1440*f + 38882. Give j(27).
2
Let r(k) = -87*k**2 - 6*k + 5. What is r(1)?
-88
Let y(w) = 4*w**3 + 14*w**2 - 127*w + 52. Calculate y(5).
267
Let q(r) = -26*r - 26. Give q(0).
-26
Let c(b) = -b**3 - 14*b**2 - 63*b - 197. Determine c(-8).
-77
Let b(z) = -4*z**3 - 354*z**2 - 177*z - 85. Calculate b(-88).
3
Let o(k) = -k**2 - 16*k - 36. Determine o(-20).
-116
Let n(h) = -4*h**2 + 163*h - 174. Determine n(40).
-54
Let i(b) = -434*b - 6674. Determine i(-15).
-164
Let k(a) = 21*a + 1429. What is k(-67)?
22
Let d(f) = -5*f**3 + 937*f**2 - 381*f + 1307. Calculate d(187).
-2
Let r(q) = q**3 + 38*q + 82. Determine r(-2).
-2
Let z(d) = d**2 + 8*d - 25. Give z(-9).
-16
Let x(b) = -2*b**2 - 100*b + 972. Calculate x(10).
-228
Let w(u) = -2*u**3 - 38*u**2 - 45*u - 162. Give w(-18).
0
Let g(l) = -4858*l - 34010. Determine g(-7).
-4
Let p(a) = -a**2 - 4*a + 362. Calculate p(-21).
5
Let p(q) = -53*q + 2012. Determine p(38).
-2
Let z(p) = 202*p - 4439. Determine z(22).
5
Let y(o) = 6*o**2 + o - 404. Give y(13).
623
Let f(b) = 22*b**2 + 14*b + 7. What is f(-4)?
303
Let q(k) = -105*k - 396. What is q(-4)?
24
Let l(v) = 27*v - 490. Give l(18).
-4
Let q(a) = 7*a**2 - 64*a + 234. Give q(5).
89
Let o(j) = j**3 - 8*j**2 - 498*j + 2571. Give o(5).
6
Let k(w) = 3*w**3 + 26*w**2 - 8*w - 18. Calculate k(-8).
174
Let z(k) = 104*k - 1655. Calculate z(14).
-199
Let n(z) = 668*z - 4003. Give n(6).
5
Let s(h) = -h**2 + 123*h - 504. Give s(4).
-28
Let g(p) = 673*p - 3329. Calculate g(5).
36
Let k(p) = -157*p**2 - 633*p + 7. Calculate k(-4).
27
Let k(p) = 11*p**2 - 55*p + 7. Determine k(5).
7
Let u(q) = 3*q**2 + 73*q + 58. Give u(-23).
-34
Let z(v) = -11*v**2 - 312*v - 62. What is z(-28)?
50
Let j(b) = -254*b + 31247. Determine j(123).
5
Let w(t) = 3*t**2 + 69*t + 52. Calculate w(-17).
-254
Let p(d) = -90*d + 15599. Determine p(173).
29
Let z(g) = -14*g - 1171. Calculate z(-69).
-205
Let a(z) = z**3 - 36*z**2 - 73*z - 122. Calculate a(38).
-8
Let f(u) = u**3 - 13*u**2 - 15*u + 320. Give f(12).
-4
Let l(r) = 9*r**3 + 2*r**2 - 4*r + 21. Determine l(3).
270
Let j(t) = -t**2 + 26*t + 77. Give j(43).
-654
Let o(n) = 37*n + 1816. What is o(-51)?
-71
Let x(v) = -v**2 + 58*v + 45. Determine x(59).
-14
Let b(p) = p**3 + 73*p**2 - 144*p + 427. What is b(-75)?
-23
Let p(a) = 6*a - 208. Determine p(30).
-28
Let s(i) = -7*i**3 + 5*i**2 + 29*i + 32. What is s(-3)?
179
Let d(o) = -o**3 - 64*o**2 + 69*o - 36. What is d(-65)?
-296
Let d(y) = -2*y**2 + 197*y + 916. What is d(103)?
-11
Let m(f) = 2*f**2 - 7*f - 62. What is m(-8)?
122
Let z(n) = 20*n**3 + 122*n**2 + 13*n + 4. What is z(-6)?
-2
Let s(n) = -21*n - 146. Determine s(5).
-251
Let m(d) = d**3 + 35*d**2 - 27*d + 360. Give m(-36).
36
Let n(w) = w**3 - 36*w**2 - 22*w + 613. Give n(36).
-179
Let w(y) = y**2 - 16*y - 778. Determine w(37).
-1
Let g(c) = -55*c**2 + 50*c + 45. Calculate g(-1).
-60
Let j(q) = -2*q**3 + 14*q**2 + 121*q - 15. What is j(12)?
-3
Let u(i) = 9*i**2 + 39*i - 117. Calculate u(3).
81
Let q(n) = -29*n - 1643. Calculate q(-56).
-19
Let u(q) = -83*q + 5091. Give u(60).
111
Let g(x) = x**3 - 37*x**2 - 376*x - 144. Give g(-8).
-16
Let d(i) = 1179*i - 7080. Determine d(6).
-6
Let g(c) = 139*c - 1424. Determine g(10).
-34
Let k(n) = -134*n - 279. Determine k(-2).
-11
Let y(m) = 4*m + 232. What is y(-65)?
-28
Let j(v) = -v**2 + 43*v - 351. Give j(32).
1
Let c(r) = -288*r + 1653. What is c(6)?
-75
Let z(g) = 17*g + 359. Determine z(-19).
36
Let s(u) = 8*u**2 + 24*u + 23. Calculate s(-1).
7
Let a(w) = w**3 + 7*w**2 - w - 36. Calculate a(-6).
6
Let b(c) = -39*c - 486. Give b(-14).
60
Let p(t) = 320*t - 17268. Give p(54).
12
Let z(y) = y**3 + 8*y**2 - 81*y + 57. Calculate z(5).
-23
Let i(g) = -g**3 + 15*g**2 + 10*g - 162. Determine i(15).
-12
Let y(q) = 149*q - 834. Give y(5).
-89
Let o(v) = 227*v**2 - 1127*v - 33. Give o(5).
7
Let m(c) = -7*c**2 + 87*c + 13. Give m(14).
-141
Let m(z) = -6*z - 41. Determine m(-10).
19
Let r(s) = -2*s**2 + 28*s + 39. Calculate r(13).
65
Let h(i) = 51*i + 1573. Give h(-31).
-8
Let d(r) = -r**3 - 6*r**2 + 15*r + 109. Calculate d(-5).
9
Let x(r) = -288*r - 8061. Determine x(-28).
3
Let n(i) = -3*i**2 - 4*i + 8. Calculate n(-3).
-7
Let h(w) = 1670*w + 11695. Calculate h(-7).
5
Let w(b) = 5*b - 22. Calculate w(6).
8
Let c(l) = 2*l**2 + 77*l - 217. Give c(-41).
-12
Let v(a) = -10*a**3 + 40*a**2 - 13*a + 47. Calculate v(4).
-5
Let m(z) = 2*z**2 - 62*z + 209. What is m(7)?
-127
Let z(k) = 940*k - 4707. Calculate z(5).
-7
Let w(q) = 57*q - 1280. What is w(21)?
-83
Let z(c) = c**3 - 65*c**2 - 206*c + 154. What is z(68)?
18
Let x(h) = 2*h**2 - 6*h + 9. Give x(4).
17
Let i(l) = l**3 + 16*l**2 - 10*l + 16. Give i(-17).
-103
Let m(i) = 148*i - 2222. Calculate m(15).
-2
Let y(j) = 2*j**3 + 90*j**2 - 23*j - 1041. Give y(-45).
-6
Let f(g) = -g**3 - 13*g**2 - 569*g - 7391. What is f(-13)?
6
Let x(q) = -311*q + 9617. Calculate x(31).
-24
Let g(t) = 626*t + 1896. What is g(-3)?
18
Let h(c) = -1169*c - 8218. Determine h(-7).
-35
Let v(p) = 3*p**2 - 19*p - 32. Give v(6).
-38
Let d(m) = -m**3 + 20*m**2 - 38*m + 40. What is d(18)?
4
Let x(c) = c**2 + 2*c - 380. Determine x(0).
-380
Let l(n) = -14*n - 835. Give l(-35).
-345
Let c(m) = 31*m**2 - 33*m - 382. Calculate c(-3).
-4
Let k(q) = q**2 - 10*q - 201. What is k(-12)?
63
Let r(d) = 741*d - 58555. Calculate r(79).
-16
Let w(h) = -24*h**3 + 3*h**2 - 4*h + 2. Determine w(1).
-23
Let z(o) = -o**3 + 14*o**2 - 47*o - 19. Give z(7).
-5
Let g(v) = 36*v**2 - 544*v + 2041. Determine g(7).
-3
Let u(h) = 3*h**2 - 41*h - 237. Determine u(18).
-3
Let k(n) = n**3 - 34*n**2 - 582*n + 19149. What is k(35)?
4
Let h(c) = 16*c**3 + 2*c**2 + 21*c + 18. What is h(-1)?
-17
Let d(w) = -158*w - 2325. Give d(-15).
45
Let z(i) = -20*i - 68. What is z(-3)?
-8
Let h(l) = -3*l**2 - 116*l - 343. What is h(-3)?
-22
Let j(d) = d**3 + 2*d**2 + 7*d + 5. Give j(5).
215
Let i(k) = 25*k**2 + 502*k - 37. Determine i(-20).
-77
Let u(b) = b**3 - 18*b**2 + 156*b - 1182. Give u(13).
1
Let j(u) = 2*u**2 - 3*u